{"id":244,"date":"2020-03-02T00:07:53","date_gmt":"2020-03-01T23:07:53","guid":{"rendered":"http:\/\/sound-on-vt.de\/wordpress\/?page_id=244"},"modified":"2024-01-10T22:13:33","modified_gmt":"2024-01-10T21:13:33","slug":"ton","status":"publish","type":"page","link":"http:\/\/sound-on-vt.de\/wordpress\/leistungen\/ton\/","title":{"rendered":"Ton"},"content":{"rendered":"<div id=\"pl-gb244-69ed3ee8ed58d\"  class=\"panel-layout\" ><div id=\"pg-gb244-69ed3ee8ed58d-0\"  class=\"panel-grid panel-has-style\" ><div class=\"siteorigin-panels-stretch panel-row-style panel-row-style-for-gb244-69ed3ee8ed58d-0\" style=\"padding: 0px 0; \" data-stretch-type=\"full-width-stretch\" data-overlay=\"true\" data-overlay-color=\"#000000\" ><div id=\"pgc-gb244-69ed3ee8ed58d-0-0\"  class=\"panel-grid-cell\" ><div id=\"panel-gb244-69ed3ee8ed58d-0-0-0\" class=\"so-panel widget widget_black-studio-tinymce widget_black_studio_tinymce panel-first-child panel-last-child\" data-index=\"0\" ><div class=\"so-parallax panel-widget-style panel-widget-style-for-gb244-69ed3ee8ed58d-0-0-0\" style=\"text-align: left;\" data-title-color=\"#443f3f\" data-headings-color=\"#443f3f\" ><img fetchpriority=\"high\" decoding=\"async\" width=\"1920\" height=\"1280\" src=\"http:\/\/sound-on-vt.de\/wordpress\/wp-content\/uploads\/2020\/02\/dj-mischpult.jpg\" class=\"attachment-full size-full\" alt=\"\" data-siteorigin-parallax=\"true\" loading=\"eager\" srcset=\"http:\/\/sound-on-vt.de\/wordpress\/wp-content\/uploads\/2020\/02\/dj-mischpult.jpg 1920w, http:\/\/sound-on-vt.de\/wordpress\/wp-content\/uploads\/2020\/02\/dj-mischpult-300x200.jpg 300w, http:\/\/sound-on-vt.de\/wordpress\/wp-content\/uploads\/2020\/02\/dj-mischpult-1024x683.jpg 1024w, http:\/\/sound-on-vt.de\/wordpress\/wp-content\/uploads\/2020\/02\/dj-mischpult-768x512.jpg 768w, http:\/\/sound-on-vt.de\/wordpress\/wp-content\/uploads\/2020\/02\/dj-mischpult-1536x1024.jpg 1536w, http:\/\/sound-on-vt.de\/wordpress\/wp-content\/uploads\/2020\/02\/dj-mischpult-830x553.jpg 830w, http:\/\/sound-on-vt.de\/wordpress\/wp-content\/uploads\/2020\/02\/dj-mischpult-230x153.jpg 230w, http:\/\/sound-on-vt.de\/wordpress\/wp-content\/uploads\/2020\/02\/dj-mischpult-350x233.jpg 350w, http:\/\/sound-on-vt.de\/wordpress\/wp-content\/uploads\/2020\/02\/dj-mischpult-480x320.jpg 480w\" sizes=\"(max-width: 1920px) 100vw, 1920px\" \/><div class=\"textwidget\"><p>&nbsp;<\/p>\n<h1 style=\"text-align: center;\"><span style=\"color: #ffffff;\">Ton<\/span><\/h1>\n<p>&nbsp;<\/p>\n<\/div><\/div><\/div><\/div><\/div><\/div><div id=\"pg-gb244-69ed3ee8ed58d-1\"  class=\"panel-grid panel-has-style\" ><div class=\"siteorigin-panels-stretch panel-row-style panel-row-style-for-gb244-69ed3ee8ed58d-1\" style=\"padding: 0px 0; \" data-stretch-type=\"full-width-stretch\" data-overlay=\"true\" data-overlay-color=\"#000000\" ><div id=\"pgc-gb244-69ed3ee8ed58d-1-0\"  class=\"panel-grid-cell\" ><div id=\"panel-gb244-69ed3ee8ed58d-1-0-0\" class=\"so-panel widget widget_black-studio-tinymce widget_black_studio_tinymce panel-first-child panel-last-child\" data-index=\"1\" ><div style=\"text-align: left;\" data-title-color=\"#443f3f\" data-headings-color=\"#443f3f\" class=\"panel-widget-style panel-widget-style-for-gb244-69ed3ee8ed58d-1-0-0\" ><div class=\"textwidget\"><p>&nbsp;<\/p>\n<h3 style=\"text-align: center;\">Lautsprecher<\/h3>\n<p style=\"text-align: center;\">Wir f\u00fchren Lautsprechersysteme folgender Hersteller:<\/p>\n<p style=\"text-align: center;\">F\u00f6\u00f6n Audiotecture<\/p>\n<p style=\"text-align: center;\">Seeburg Acoustic Line<\/p>\n<p style=\"text-align: center;\">PL-Audio<\/p>\n<p style=\"text-align: center;\">Kling &amp; Freitag<\/p>\n<p style=\"text-align: center;\">Dynacord<\/p>\n<p>&nbsp;<\/p>\n<\/div><\/div><\/div><\/div><div id=\"pgc-gb244-69ed3ee8ed58d-1-1\"  class=\"panel-grid-cell\" ><div id=\"panel-gb244-69ed3ee8ed58d-1-1-0\" class=\"so-panel widget widget_black-studio-tinymce widget_black_studio_tinymce panel-first-child panel-last-child\" data-index=\"2\" ><div style=\"text-align: left;\" data-title-color=\"#443f3f\" data-headings-color=\"#443f3f\" class=\"panel-widget-style panel-widget-style-for-gb244-69ed3ee8ed58d-1-1-0\" ><div class=\"textwidget\"><p>&nbsp;<\/p>\n<p>&nbsp;<\/p>\n<p><img loading=\"lazy\" decoding=\"async\" class=\"aligncenter wp-image-74\" src=\"http:\/\/sound-on-vt.de\/wordpress\/wp-content\/uploads\/2020\/02\/LogoMakr_2YJiia-150x150.png\" alt=\"\" width=\"197\" height=\"200\" srcset=\"http:\/\/sound-on-vt.de\/wordpress\/wp-content\/uploads\/2020\/02\/LogoMakr_2YJiia-295x300.png 295w, http:\/\/sound-on-vt.de\/wordpress\/wp-content\/uploads\/2020\/02\/LogoMakr_2YJiia-230x234.png 230w, http:\/\/sound-on-vt.de\/wordpress\/wp-content\/uploads\/2020\/02\/LogoMakr_2YJiia-350x356.png 350w, http:\/\/sound-on-vt.de\/wordpress\/wp-content\/uploads\/2020\/02\/LogoMakr_2YJiia.png 393w\" sizes=\"(max-width: 197px) 100vw, 197px\" \/><\/p>\n<\/div><\/div><\/div><\/div><\/div><\/div><div id=\"pg-gb244-69ed3ee8ed58d-2\"  class=\"panel-grid panel-has-style\" ><div class=\"siteorigin-panels-stretch panel-row-style panel-row-style-for-gb244-69ed3ee8ed58d-2\" style=\"padding: 0px 0; \" data-stretch-type=\"full-width-stretch\" data-overlay=\"true\" data-overlay-color=\"#000000\" ><div id=\"pgc-gb244-69ed3ee8ed58d-2-0\"  class=\"panel-grid-cell\" ><div id=\"panel-gb244-69ed3ee8ed58d-2-0-0\" class=\"so-panel widget widget_black-studio-tinymce widget_black_studio_tinymce panel-first-child panel-last-child\" data-index=\"3\" ><div style=\"text-align: left;\" data-title-color=\"#443f3f\" data-headings-color=\"#443f3f\" class=\"panel-widget-style panel-widget-style-for-gb244-69ed3ee8ed58d-2-0-0\" ><div class=\"textwidget\"><p>&nbsp;<\/p>\n<p>&nbsp;<\/p>\n<p><img loading=\"lazy\" decoding=\"async\" class=\"wp-image-273 size-full aligncenter\" src=\"http:\/\/sound-on-vt.de\/wordpress\/wp-content\/uploads\/2020\/03\/LogoMakr_4x7PAJ.png\" alt=\"\" width=\"400\" height=\"200\" srcset=\"http:\/\/sound-on-vt.de\/wordpress\/wp-content\/uploads\/2020\/03\/LogoMakr_4x7PAJ.png 400w, http:\/\/sound-on-vt.de\/wordpress\/wp-content\/uploads\/2020\/03\/LogoMakr_4x7PAJ-300x150.png 300w, http:\/\/sound-on-vt.de\/wordpress\/wp-content\/uploads\/2020\/03\/LogoMakr_4x7PAJ-230x115.png 230w, http:\/\/sound-on-vt.de\/wordpress\/wp-content\/uploads\/2020\/03\/LogoMakr_4x7PAJ-350x175.png 350w\" sizes=\"(max-width: 400px) 100vw, 400px\" \/><\/p>\n<\/div><\/div><\/div><\/div><div id=\"pgc-gb244-69ed3ee8ed58d-2-1\"  class=\"panel-grid-cell\" ><div id=\"panel-gb244-69ed3ee8ed58d-2-1-0\" class=\"so-panel widget widget_black-studio-tinymce widget_black_studio_tinymce panel-first-child panel-last-child\" data-index=\"4\" ><div style=\"text-align: left;\" data-title-color=\"#443f3f\" data-headings-color=\"#443f3f\" class=\"panel-widget-style panel-widget-style-for-gb244-69ed3ee8ed58d-2-1-0\" ><div class=\"textwidget\"><p>&nbsp;<\/p>\n<h3 style=\"text-align: center;\">Endstufen<\/h3>\n<p style=\"text-align: center;\">Wir f\u00fchren Endstufen folgender Hersteller:<\/p>\n<p style=\"text-align: center;\">LabGruppen<\/p>\n<p style=\"text-align: center;\">QSC<\/p>\n<p style=\"text-align: center;\">EAW<\/p>\n<p style=\"text-align: center;\">DAP<\/p>\n<p>&nbsp;<\/p>\n<\/div><\/div><\/div><\/div><\/div><\/div><div id=\"pg-gb244-69ed3ee8ed58d-3\"  class=\"panel-grid panel-has-style\" ><div class=\"siteorigin-panels-stretch panel-row-style panel-row-style-for-gb244-69ed3ee8ed58d-3\" style=\"padding: 0px 0; \" data-stretch-type=\"full-width-stretch\" data-overlay=\"true\" data-overlay-color=\"#000000\" ><div id=\"pgc-gb244-69ed3ee8ed58d-3-0\"  class=\"panel-grid-cell\" ><div id=\"panel-gb244-69ed3ee8ed58d-3-0-0\" class=\"so-panel widget widget_black-studio-tinymce widget_black_studio_tinymce panel-first-child panel-last-child\" data-index=\"5\" ><div style=\"text-align: left;\" data-title-color=\"#443f3f\" data-headings-color=\"#443f3f\" class=\"panel-widget-style panel-widget-style-for-gb244-69ed3ee8ed58d-3-0-0\" ><div class=\"textwidget\"><p>&nbsp;<\/p>\n<h3 style=\"text-align: center;\">Mischpulte &amp; DJ Equipment<\/h3>\n<p style=\"text-align: center;\">Wir f\u00fchren Zubeh\u00f6r folgender Hersteller:<\/p>\n<p style=\"text-align: center;\">Presonus<\/p>\n<p style=\"text-align: center;\">Yamaha<\/p>\n<p style=\"text-align: center;\">Pioneer<\/p>\n<p style=\"text-align: center;\">Ecler<\/p>\n<p style=\"text-align: center;\">\u00a0<\/p>\n<\/div><\/div><\/div><\/div><div id=\"pgc-gb244-69ed3ee8ed58d-3-1\"  class=\"panel-grid-cell\" ><div id=\"panel-gb244-69ed3ee8ed58d-3-1-0\" class=\"so-panel widget widget_black-studio-tinymce widget_black_studio_tinymce panel-first-child panel-last-child\" data-index=\"6\" ><div style=\"text-align: left;\" data-title-color=\"#443f3f\" data-headings-color=\"#443f3f\" class=\"panel-widget-style panel-widget-style-for-gb244-69ed3ee8ed58d-3-1-0\" ><div class=\"textwidget\"><p>&nbsp;<\/p>\n<p>&nbsp;<\/p>\n<p><img loading=\"lazy\" decoding=\"async\" class=\"aligncenter wp-image-274\" src=\"http:\/\/sound-on-vt.de\/wordpress\/wp-content\/uploads\/2020\/03\/LogoMakr_6bLwsR.png\" alt=\"\" width=\"150\" height=\"150\" srcset=\"http:\/\/sound-on-vt.de\/wordpress\/wp-content\/uploads\/2020\/03\/LogoMakr_6bLwsR.png 400w, http:\/\/sound-on-vt.de\/wordpress\/wp-content\/uploads\/2020\/03\/LogoMakr_6bLwsR-300x300.png 300w, http:\/\/sound-on-vt.de\/wordpress\/wp-content\/uploads\/2020\/03\/LogoMakr_6bLwsR-150x150.png 150w, http:\/\/sound-on-vt.de\/wordpress\/wp-content\/uploads\/2020\/03\/LogoMakr_6bLwsR-230x230.png 230w, http:\/\/sound-on-vt.de\/wordpress\/wp-content\/uploads\/2020\/03\/LogoMakr_6bLwsR-350x350.png 350w\" sizes=\"(max-width: 150px) 100vw, 150px\" \/><\/p>\n<\/div><\/div><\/div><\/div><\/div><\/div><\/div>","protected":false},"excerpt":{"rendered":"<p>&nbsp; Ton &nbsp; &nbsp; Lautsprecher Wir f\u00fchren Lautsprechersysteme folgender Hersteller: F\u00f6\u00f6n Audiotecture Seeburg Acoustic Line PL-Audio Kling &amp; Freitag Dynacord &nbsp; &nbsp; [&hellip;]<\/p>\n","protected":false},"author":1,"featured_media":30,"parent":47,"menu_order":0,"comment_status":"closed","ping_status":"closed","template":"page-templates\/page_front-page.php","meta":{"footnotes":""},"_links":{"self":[{"href":"http:\/\/sound-on-vt.de\/wordpress\/wp-json\/wp\/v2\/pages\/244"}],"collection":[{"href":"http:\/\/sound-on-vt.de\/wordpress\/wp-json\/wp\/v2\/pages"}],"about":[{"href":"http:\/\/sound-on-vt.de\/wordpress\/wp-json\/wp\/v2\/types\/page"}],"author":[{"embeddable":true,"href":"http:\/\/sound-on-vt.de\/wordpress\/wp-json\/wp\/v2\/users\/1"}],"replies":[{"embeddable":true,"href":"http:\/\/sound-on-vt.de\/wordpress\/wp-json\/wp\/v2\/comments?post=244"}],"version-history":[{"count":33,"href":"http:\/\/sound-on-vt.de\/wordpress\/wp-json\/wp\/v2\/pages\/244\/revisions"}],"predecessor-version":[{"id":421,"href":"http:\/\/sound-on-vt.de\/wordpress\/wp-json\/wp\/v2\/pages\/244\/revisions\/421"}],"up":[{"embeddable":true,"href":"http:\/\/sound-on-vt.de\/wordpress\/wp-json\/wp\/v2\/pages\/47"}],"wp:featuredmedia":[{"embeddable":true,"href":"http:\/\/sound-on-vt.de\/wordpress\/wp-json\/wp\/v2\/media\/30"}],"wp:attachment":[{"href":"http:\/\/sound-on-vt.de\/wordpress\/wp-json\/wp\/v2\/media?parent=244"}],"curies":[{"name":"wp","href":"https:\/\/api.w.org\/{rel}","templated":true}]}}